 -6*y**2 - 6*y + 2. Let q(j) = -5*j**2 - 6*j + 2. Let x(p) = -5*q(p) + 4*t(p). Suppose 0 = 5*v + 4*d - 30 - 5, -3*v + 21 = -d. Is x(v) prime?
True
Let j(x) = 8*x**2 - 16 - 11*x - 11*x**2 + 4*x**2. Let l be j(12). Let z = l - -27. Is z prime?
True
Suppose 0 = 4*t + o - 35366, -2*t - 5*o + 0*o + 17674 = 0. Is t a composite number?
True
Is (-1 - 0)*-159*8/12 a composite number?
True
Let o(n) be the first derivative of 10*n**3/3 - n**2/2 + n - 3. Let a be o(-2). Let d = a - 12. Is d composite?
False
Let d be (-3)/((-48)/14 - -3). Let w(u) = -6*u + 12. Let r be w(d). Let o = 107 + r. Is o a prime number?
False
Is -4 + -1214*11/(-2) a prime number?
True
Let a(d) = 139*d**2 - d + 1. Suppose 24 - 26 = -2*i. Is a(i) composite?
False
Let c(b) = -b**2 + 3*b + 10. Let m be c(7). Let i be 7/35 - m/10. Suppose 659 = 5*k + 2*f, i*f = 2*k + f - 260. Is k prime?
True
Suppose 22233 = 18*v + 3747. Is v a prime number?
False
Suppose m + 5*m - 12 = 0. Suppose -2*k = m*k - 1264. Suppose k - 74 = 2*u. Is u composite?
True
Is (4/4)/(-7 + 296904/42414) a composite number?
False
Let v(w) = 20 + w**3 - 3*w**2 - 5*w + 4*w - 11*w**2 + 0*w. Let y be v(14). Suppose 0 = 10*q - y*q - 1172. Is q composite?
False
Suppose -3*i + 4 = g - 30, 2*i = 5*g + 17. Is (1538/8)/(i/44) a composite number?
False
Let c(q) be the second derivative of q**3/6 + 91*q**2/2 + q. Suppose 0 = -2*t - 4*p - 12, -2 = 3*t - p - 5. Is c(t) prime?
False
Suppose 0*y + 54 = 2*y. Suppose -3*s - 31 = i - 5*i, -3*s - y = -3*i. Is s/20 + (-285)/(-4) prime?
True
Suppose 7*b = 1340 + 3497. Is b composite?
False
Suppose -a = -3*k + 73390, -38345 = -4*k + 5*a + 59512. Is k a prime number?
False
Let d(j) = -19*j + 14. Let p be d(-12). Let b = 373 - p. Is b composite?
False
Let f be -30*(-4 - (-40)/(-12)). Suppose 6268 = 4*n - 4*v, v = -0*n + 2*n - 3135. Suppose n - f = 4*t. Is t prime?
True
Suppose 0 = 2*d - 3*m - 4754, 2*d = -3*d + 5*m + 11875. Is d a composite number?
False
Suppose 24 = -4*l + 2*v, -3*v - v - 16 = 0. Let r be (-12)/l*4 - -1. Suppose 1190 = -r*q + 6153. Is q composite?
False
Let l(z) = -2*z**3 - 20*z**2 + 30*z + 19. Is l(-24) a composite number?
False
Let z be (16 - 1)*(-2)/5. Let l = -5 - z. Is -530*(1/l)/(-2) a prime number?
False
Let a(x) = -2*x - 31. Let k be a(-17). Suppose -k*m = 5*u - 253, m - 79 = 4*u - 7*u. Is m composite?
True
Suppose 2*w - 1656 = w - 3*g, 0 = -2*g - 10. Is w/(-4)*12/(-9) prime?
True
Let c(r) = 12*r - 6. Let v be c(3). Is ((-1905)/v)/((-1)/2) a composite number?
False
Suppose 0*a = 4*s + 4*a - 15076, 3*a - 3775 = -s. Suppose 5*o = -3*g + o + 2831, 4*g + o - s = 0. Is g prime?
True
Let s = 563 - 396. Let b = 114 - 202. Let h = s + b. Is h a composite number?
False
Let q(a) = 5*a - 9. Let w be q(10). Suppose -12 = -4*l, 5*l = -4*f + 136 - w. Suppose 4*u + 0 - f = 0, -4*m = -3*u - 6229. Is m composite?
True
Let l(v) = 431*v**2 + 2*v - 1. Suppose -3*q - 2 = 4. Let m be l(q). Let w = m + -1220. Is w prime?
True
Suppose -4*f + 5*x + 926 = 0, 8 = x - 5*x. Suppose 2*s = -3*s + 4*h + f, -h = -s + 45. Is s composite?
True
Let k(d) = 9*d + 2*d + 14 - 13*d + d**2. Let g be 2/(-2) - 4*-4. Is k(g) prime?
False
Suppose -5*m + 10796 = 13*d - 14*d, -8639 = -4*m + 3*d. Is m prime?
False
Let f = -55 + 55. Let q(x) be the second derivative of -x**5/20 + x**4/12 - x**3/6 + 59*x**2 + x. Is q(f) a composite number?
True
Suppose -137*p - 4643 = -138*p. Is p a prime number?
True
Let a(w) = 2*w - 3. Let t be a(3). Let l(b) = -b + 22. Let v be l(-9). Is t*1*v/3 a prime number?
True
Let b(f) = -17*f + 9. Let i be b(7). Let n = i + 309. Is n a prime number?
True
Let d = -56 - -27. Let a = d + 49. Suppose -a*g = -17*g - 1551. Is g prime?
False
Let z = -10789 - -28446. Is z a composite number?
False
Let c(t) = -3*t**3 + 4*t**2 - 6*t - 2. Let x(l) = -l**3 + l**2. Let j(z) = c(z) - 4*x(z). Let o(h) = h**2 + 4*h - 14. Let y be o(-7). Is j(y) composite?
True
Is 71701*6/168*4 a composite number?
False
Let r(p) = 45*p - 65. Is r(4) prime?
False
Suppose -6*m + 7*m + 2*z = 6, 0 = 2*m - 2*z. Suppose 244 = m*v + 26. Is v a composite number?
False
Suppose 0 = -9*j + 42259 - 2272. Is j composite?
True
Suppose -4*k + c - 16 = -4, -4 = -2*k + 3*c. Is (2708/(-8))/(2/k) prime?
True
Suppose 0*b = 2*b - 464. Let t = b + -135. Is t a composite number?
False
Suppose 2*w + 2*v + 6 = -3*v, 3*v = -3*w. Suppose 5*t = -2*i + w*t - 543, 4*i - 2*t = -1078. Let x = i - -475. Is x a prime number?
False
Let z = -8 - -13. Let i = 7 - z. Suppose -7*m - 16 = -3*m, -448 = -i*t + 5*m. Is t a prime number?
False
Let u = 54 - 28. Suppose -3*z + 2*n + 9 = 0, 0 = -2*z - 5*n - 1 + u. Suppose 0 = -z*s - 2*h + 127, -12 - 37 = -2*s + h. Is s a composite number?
True
Let o(j) = -160*j + 7. Is o(-19) prime?
False
Suppose 52281 - 8775 = 18*x. Is x prime?
True
Let s = -34 + 28. Is 3*((-1960)/s + -1) prime?
True
Suppose -12 = -2*a - 3*p - 0*p, -12 = -3*p. Let t be 1 - (-3 + (a - -16)). Is 4/(-16) - 375/t a prime number?
True
Is -1 + -1 + 9 + 1851 composite?
True
Let u(j) = -2*j**2 + 3*j - 2. Let f be u(2). Is (0 + -2371)/(f + 3) prime?
True
Let d be ((-15)/(-6) + -4)*-1*10. Let v(o) = -2*o**3 + 30*o**2 + 6*o + 7. Is v(d) prime?
True
Let n(y) = 96*y**2 + 56*y + 15. Is n(-7) a composite number?
False
Suppose 4*h - 14*h = 3730. Let j = h - -668. Is j a composite number?
True
Suppose -4*h = -h - 130695. Is h a prime number?
False
Let i(w) = -w - 12. Let g be i(-10). Let q(k) = -1746*k + 1. Is q(g) composite?
True
Let f(v) = v**3 + 7*v**2 - v - 3. Let m be f(-7). Suppose 3*a = -x + 156, -m*a = -2*x - 30 - 188. Is a composite?
False
Let u = -1 - -6. Suppose 0 = -5*p - 3*f + 3242, -u*f + 749 = 2*p - 544. Let o = p - 276. Is o prime?
True
Suppose 0*o - 2 = -o. Suppose 0 = -30*b + 10*b + 6360. Suppose o*l = b + 2804. Is l a composite number?
True
Suppose 2*d - 30341 = -3*b + 4*d, 2*b + 3*d - 20210 = 0. Is b a composite number?
False
Let v be 3 - ((-4)/(-18) + (-24)/108). Suppose -1169 = -v*d + 2*u, 2*d = -d + u + 1168. Is d a composite number?
False
Let h(a) = -4*a**2 - 7*a + 5. Let u be h(4). Let t = 224 - 286. Let q = t - u. Is q a composite number?
True
Suppose -5565 = -5*c - 5*z - 0*z, 3*c + 4*z = 3335. Is c a composite number?
False
Let p = -12 - -32. Suppose -2*n = 2*n - p. Suppose n*v - 100 = v. Is v prime?
False
Let i = -9 - -12. Let d(s) = -s**2 + 11*s - 8. Let g be d(10). Suppose -3*y + 3*b + 201 = 0, i*b - 30 - 94 = -g*y. Is y prime?
False
Let z(r) = 9 + 27*r - 1 + 2*r**2 + 3 + 4. Is z(-18) composite?
True
Is 2*5/(-2) - 4992/(-1) prime?
True
Let w = 18 - 16. Suppose 2*x - 2*p = 652 + 600, -1264 = -2*x - w*p. Suppose -q = 4*m - x, -5*m + 3*q - 4*q + 786 = 0. Is m a composite number?
False
Suppose -17168 = -119*a + 103*a. Is a composite?
True
Suppose 708 = 2*s + 2*l - 18, 5*s = 2*l + 1836. Let d be 2293/3 - 2/(-3). Suppose -2*b + s = 4*m - 642, d = 3*m - 3*b. Is m a prime number?
False
Let z(a) be the third derivative of -13*a**4/4 + 11*a**3/6 + 3*a**2. Let q(n) = -n**2 - 3*n - 10. Let c be q(-2). Is z(c) composite?
True
Let g = 10 - 6. Suppose 3*l + p = 8, 4*l + 3 = -g*p + 19. Suppose -l*q - 2*m = -q - 39, 63 = 2*q - m. Is q composite?
True
Suppose -t - 4*g = -55243 - 46106, 3*g = -3. Is t a prime number?
False
Is 2 + 4539 + (-8 - (-21 - -7)) a composite number?
False
Let v(c) = 6*c**2 - 1. Let p(w) = w - 13. Let d be p(12). Let i be v(d). Suppose 5*m - 92 = -3*n + 171, -2*m = -i*n + 459. Is n prime?
False
Let g be 10/175*5 + (-54573)/(-21). Let a = g - 1558. Is a a prime number?
False
Let a be (10/8)/((-5)/(-20)). Suppose -271 + 1526 = a*x. Is x a prime number?
True
Let w(k) = -k**2 + 9*k + 10. Let o be (-28)/(-3) + (-36)/(-54). Let g be w(o). Suppose x - 32 - 125 = g. Is x composite?
False
Suppose 4 - 6 = -u. Suppose -l + p = -594, 0 = 5*l - u*p - 0*p - 2955. Is l prime?
False
Let j = 28503 - 17192. Is j composite?
False
Let b be ((-4 - -3) + 0)*0. Suppose -5*x + 33 + 57 = b. Is (-12)/x*57/(-2) a prime number?
True
Suppose 0 = 2*f - 2232 - 14964. Suppose -2*k = 3*h + k - f, -2*h + 5742 = 4*k. Is h composite?
False
Let a = 12 - 8. Suppose -4*w + 870 = -2*w - 2*r, -3*w = -a*r - 1309. Let h = w + -18. Is h a composite number?
True
Let h be 9 - 20/(1 + 4). Suppose -5*c - n = -2903, -5*n + 4627 - 1732 = h*c. Is c prime?
False
Let n(h) = -7*h + 6*